 2*o, 4*y + 0*o - 118 = -2*o. What is the greatest common factor of u and y?
6
Let h(v) = -v**3 - 7*v**2 - 2*v + 43. Let q be h(-5). Let b be -6 + (5 - 2) + (q - -18). Calculate the highest common divisor of b and 7.
1
Let y(w) = w**2 - 19*w - 12. Let k be y(21). Let f(g) = -25*g - 755. Let q be f(-33). Calculate the highest common divisor of k and q.
10
Let x = -10089 - -12384. Calculate the highest common divisor of x and 170.
85
Let i be 3*(-2)/2 + 420/70. Let x be (242 - -17)/(1/i). Calculate the highest common divisor of 42 and x.
21
Let y(o) = 6*o - 3*o + 1086*o**2 + o**3 - 6 - 1080*o**2. Let p be y(-4). Let l = -21 + 56. What is the greatest common divisor of p and l?
7
Suppose -378 = -7*n + 175. Let c = n + 2. Calculate the greatest common factor of 45 and c.
9
Suppose a - 24 = 2*k, -4*a - k + 96 = -5*k. Let x = 541 + -525. What is the highest common divisor of x and a?
8
Suppose -6 = -q - 3. Let b be q*-2 - (-35)/7. Let o be 1558/12 + b/(-6). What is the greatest common divisor of o and 26?
26
Let z be (-58)/(2552/(-11682)) + ((-5)/2 - -1). Calculate the highest common divisor of 512 and z.
8
Suppose -3*w + 4*w - 87 = 0. Suppose -12*c = -15*c + 5*v + 977, 5*v - 937 = -3*c. Calculate the highest common factor of w and c.
29
Suppose -x - 210 = 511. Let o = -426 - x. Calculate the greatest common factor of 59 and o.
59
Let f be -1 + 2 + (-32 - 52/(-1)). Calculate the highest common divisor of 175 and f.
7
Let a(b) = 2*b**3 - 4*b**2 + 13*b + 34. Let m be a(14). What is the greatest common factor of 160 and m?
40
Suppose 5632*z - 5638*z = -936. What is the highest common divisor of z and 2028?
156
Let u(x) be the second derivative of -3*x**3/2 - 97*x**2 - 312*x. Let c be u(-36). Let a = 32 - 19. What is the highest common divisor of c and a?
13
Let t be -1*4*(-10)/(170/119). What is the highest common divisor of t and 203?
7
Let d = -9339 - -9367. Suppose -2*l + 5*h = -27, -8 = -l - 3*h + 22. What is the greatest common divisor of l and d?
7
Suppose -49407 - 53302 - 68686 = -59*v. Calculate the highest common factor of 166 and v.
83
Suppose 9 = -17*g + 213. Suppose -46*k - 15 = -51*k, -4*x - 3*k + 89 = 0. Calculate the highest common divisor of g and x.
4
Suppose 5*z - 20 = 0, 0 = 4*m - 10*z + 8*z - 56. Let y = 115 - m. What is the greatest common divisor of y and 36?
9
Let h = 282 - 270. Suppose 9*c - h*c = -39. What is the highest common factor of 221 and c?
13
Suppose -63*y + 30*y = -12*y - 378. Let u = 1351 - 928. Calculate the highest common factor of y and u.
9
Suppose -54 = -3*a + 2*a. Suppose -7*h - 12*c + 8*c = -4, h = 4*c - 4. Suppose -2*g + 33 - 21 = h. What is the highest common divisor of a and g?
6
Let y = 10492 - 8392. Calculate the highest common factor of y and 84.
84
Let a(i) = -42*i + 2836. Let y be a(-51). What is the greatest common factor of 247 and y?
19
Let n be 11 + 0 - 18 - -14. Calculate the greatest common factor of 1330 and n.
7
Suppose -3*n + 283 - 52 = 0. Let a = 112 - n. Let j = a + -14. Calculate the highest common factor of j and 3.
3
Let b = 2110 + 3080. Calculate the highest common factor of 15 and b.
15
Let k = 109 + -4. Suppose 122 = -5*l - 3*d, -5*l + 3*d - 53 = -3*l. Let g = 10 - l. Calculate the greatest common factor of g and k.
35
Let a(y) = y**2 - 6*y - 1. Let z be a(8). Suppose 3*l - 7*l = 3*v - 46, 0 = 4*l - v - 38. What is the highest common factor of l and z?
5
Suppose 0 = -2*l + 1563 - 903. Suppose -l*o = -328*o - 54. Calculate the greatest common divisor of o and 3.
3
Let n(y) = 898*y**2 - 556*y + 555. Let x be n(1). Calculate the highest common divisor of x and 975.
39
Let z be (6 - 0)*(-6)/(-12). Suppose 21 = z*w - 2*w - c, -2*w - 2*c + 62 = 0. What is the greatest common divisor of w and 182?
26
Suppose -7*b - 2*b + 842 = -1174. What is the highest common factor of b and 364?
28
Let t be (0 - 5*-2)/2. Let c = 98 - 66. Let m be 8/c - (-99)/4. What is the highest common divisor of t and m?
5
Let c = 3080 - 2905. What is the highest common factor of c and 25?
25
Let b be ((-364)/(-117))/(4 + 753/(-189)). Calculate the highest common divisor of b and 462.
14
Suppose -152 = -2*w - 4*m + 22, -315 = -4*w + 3*m. Suppose 20569 = 1339*r - 3533. Calculate the greatest common factor of w and r.
9
Let b = 11 + 1. Let d(o) = -4*o - 9*o - 8 - 14 + 23*o. Let g be d(3). What is the highest common divisor of g and b?
4
Suppose 3*v + 2*c - 1679 = 0, 367 + 2425 = 5*v - 3*c. Suppose -6*x - v = -2905. What is the highest common divisor of 23 and x?
23
Suppose -23*b + 3*b = 21*b - 54448. What is the greatest common divisor of b and 1909?
83
Let d = -52 - -54. Suppose 25*g = d*v + 28*g - 25, -19 = -2*v - g. Calculate the highest common divisor of v and 36.
4
Let q be (1851/12 - -1)*(-1352)/(-507). What is the highest common divisor of 2106 and q?
18
Let h be (4/24)/(4/16) + 4167/27. What is the highest common divisor of h and 55?
5
Let m(v) = 5*v**2 - 2*v + 8. Let n be m(2). Suppose 0 = -5*y - 5, -5*a + 1498 = -9*y + 11*y. What is the highest common divisor of n and a?
12
Suppose 7*r - 2*r + 285 = 0. Suppose -64 - 155 = 3*s. Let w = r - s. What is the highest common divisor of w and 2?
2
Suppose 9*p + 9*p = 396. What is the greatest common factor of 374 and p?
22
Let n(p) = 179*p**2 + 105*p - 1. Let s be n(-1). What is the greatest common divisor of s and 5329?
73
Let p be 288/(-108) - (-16)/96*70. Let g = 19 + -10. What is the greatest common factor of p and g?
9
Suppose -11*c + 8*c + 2*q = -82, 3*c - 94 = -q. Suppose -34*h + 264 = -c*h. Calculate the highest common factor of 99 and h.
33
Suppose -4*p - s = -763, -3*p - 5*s + 6*s + 581 = 0. Let k(u) = u + 21. Let m be k(-7). Suppose 130 = 3*z - m. Calculate the highest common factor of p and z.
48
Let k be ((-126)/14 + 8)*-26. What is the greatest common factor of 4901 and k?
13
Suppose -t - 3*t + 272 = -2*v, 5*t + 5*v - 310 = 0. Let k be (956/6 + 2)/(2860/2145). Calculate the greatest common factor of t and k.
11
Suppose 32*r - 689990 = 419130. Calculate the greatest common factor of 20 and r.
20
Let w = 9645 - 9621. Let n be 274 + 2 + 28/7. What is the highest common factor of w and n?
8
Let t(l) = -l**2 - 3*l - 5. Let k be t(-5). Let f be 32/14*(-13 + 20). Let s = k + f. Calculate the greatest common divisor of s and 3.
1
Let j = -17773 - -17819. What is the highest common factor of j and 1909?
23
Let w(t) = t**3 - 29*t**2 - 62*t + 6. Let p be w(31). Suppose m = p*m - 40. What is the highest common factor of m and 52?
4
Suppose a - 11 = -8. Suppose 4*k = i - 55, a*i + 3*k + 4 = 169. Suppose 52 = 2*d - j + 5*j, 4*j = 3*d - 58. Calculate the highest common factor of d and i.
11
Suppose 4*v - 1026 = -u + 1467, 2*u - 1248 = -2*v. Calculate the highest common factor of 434 and v.
7
Suppose 77*l + 140 = 87*l. Let g be (l/13)/(-7) - 2151/(-39). Calculate the greatest common factor of g and 1155.
55
Let i(m) = -m**2 - 7*m - 7. Let o be i(-5). Let q be (o/(-5))/((-4)/80). What is the greatest common divisor of 192 and q?
12
Suppose 248 = 146*h - 145*h. Let j(c) = -29*c - 42. Let x be j(-2). Calculate the highest common factor of h and x.
8
Suppose 3*b - 7267 = -2*c, 268*b - 264*b = 20. What is the greatest common factor of 592 and c?
74
Suppose -j + 53 = 5*u - 21, -3*u - 58 = -j. Suppose -70 = -j*r + 62*r. Let t be (-1 + 6 - 0) + 0. What is the greatest common divisor of t and r?
5
Let y be ((-19781)/(-2))/(15/30). What is the greatest common divisor of y and 151?
151
Suppose -107 = -6*q + 445. Suppose -2*w - 3*p + 37 + 4 = 0, 0 = 5*w - 3*p - q. Suppose 2*f = w + 41. Calculate the highest common divisor of f and 6.
6
Let s = 6236 - 6220. Let o be 928/3*(9/(-2))/(-3). What is the highest common factor of o and s?
16
Suppose -4 = -4*o, -4*o = 4*y - 0*y - 132. Suppose -y = -s - p, 2*s - 52 = -p + 3*p. What is the greatest common factor of s and 87?
29
Let o(z) = 107*z - 482. Let v be o(6). What is the highest common factor of 1460 and v?
20
Suppose 2*p = 5*v - 89, -101 = -2*p + 4*p - v. Let g = p - -90. Suppose 3*d - 6*d + 171 = 0. Calculate the greatest common factor of d and g.
19
Let j(l) = -l**2 + 3*l + 5. Let h be j(-2). Let k = h + 42. Let y = k - 31. What is the highest common factor of y and 30?
6
Let v = -1794 - -1812. Let g = 6 - 11. Let k be (g - -7)/(3